nd 1343539.
751
What is the greatest common factor of 1862 and 210?
14
Calculate the greatest common factor of 13 and 7475.
13
Calculate the greatest common factor of 452 and 20676.
4
Calculate the highest common factor of 5250 and 5502.
42
What is the highest common divisor of 621 and 24894?
27
Calculate the greatest common factor of 576 and 135.
9
What is the greatest common factor of 40 and 15896?
8
What is the highest common divisor of 195 and 571155?
195
What is the highest common divisor of 367 and 171389?
367
Calculate the highest common divisor of 1 and 1063.
1
What is the greatest common divisor of 3131 and 4040?
101
Calculate the greatest common factor of 183348 and 88.
44
What is the greatest common factor of 21000 and 1932?
84
What is the highest common factor of 1616 and 16?
16
What is the greatest common divisor of 536 and 1366264?
536
What is the highest common divisor of 2175 and 124275?
75
What is the highest common factor of 1095 and 208695?
15
What is the highest common factor of 190050 and 810?
30
Calculate the greatest common divisor of 248 and 17019.
31
Calculate the highest common divisor of 377 and 213382.
377
Calculate the greatest common divisor of 72 and 2840562.
18
Calculate the highest common factor of 115 and 126822.
23
Calculate the greatest common divisor of 24 and 45576.
24
What is the highest common divisor of 561 and 119459?
17
Calculate the greatest common factor of 68 and 836604.
68
Calculate the greatest common factor of 90 and 4245.
15
What is the highest common divisor of 3634 and 27571?
79
What is the greatest common divisor of 3206 and 15114?
458
What is the greatest common factor of 16 and 54180?
4
What is the highest common factor of 765450 and 540?
270
What is the highest common factor of 24 and 22872?
24
Calculate the highest common factor of 28692 and 690202.
1594
What is the highest common factor of 10 and 4640040?
10
Calculate the greatest common divisor of 92808 and 360.
72
Calculate the highest common factor of 552982 and 9770.
1954
Calculate the highest common divisor of 59664 and 226.
226
Calculate the highest common factor of 526 and 120454.
526
What is the greatest common factor of 1397998 and 13664?
854
Calculate the greatest common divisor of 517 and 4873.
11
Calculate the greatest common divisor of 3807476 and 268.
268
Calculate the greatest common factor of 97125 and 740.
185
What is the greatest common factor of 401399 and 237?
79
What is the highest common factor of 2540016 and 5208?
744
What is the highest common divisor of 217 and 223789?
31
Calculate the greatest common divisor of 18285 and 15755.
115
What is the highest common divisor of 49129 and 73?
73
What is the greatest common divisor of 19767 and 33?
33
Calculate the greatest common factor of 426337 and 193.
193
Calculate the highest common factor of 2174893 and 21.
7
Calculate the highest common divisor of 10414 and 1968.
82
What is the highest common factor of 60241 and 85013?
563
Calculate the highest common factor of 91308 and 36.
12
Calculate the highest common factor of 2794 and 1778.
254
What is the greatest common factor of 9 and 50067?
9
What is the highest common factor of 13544 and 7624?
8
What is the highest common divisor of 3080629 and 3158?
1579
Calculate the highest common factor of 452135 and 31.
31
Calculate the greatest common factor of 3075 and 3375.
75
Calculate the highest common factor of 3772 and 7052.
164
Calculate the greatest common divisor of 1350 and 3450.
150
What is the highest common factor of 462 and 15114?
66
What is the greatest common divisor of 354 and 189095?
59
Calculate the highest common factor of 259 and 215081.
37
Calculate the highest common divisor of 698702 and 47.
47
Calculate the highest common divisor of 1111775 and 175.
175
What is the highest common divisor of 11172 and 11760?
588
Calculate the greatest common factor of 405 and 2502.
9
What is the highest common divisor of 84580 and 160?
20
Calculate the greatest common divisor of 196 and 18571.
49
What is the greatest common divisor of 319319 and 2541?
847
Calculate the greatest common divisor of 30 and 217452.
6
Calculate the greatest common divisor of 97420 and 20.
20
What is the greatest common factor of 401 and 9897482?
401
Calculate the greatest common factor of 1945 and 5.
5
Calculate the greatest common factor of 51252 and 108.
12
Calculate the highest common divisor of 210 and 135310.
70
What is the greatest common divisor of 1332 and 92574?
666
What is the greatest common divisor of 653425 and 1475?
1475
What is the highest common factor of 4941 and 25071?
183
Calculate the greatest common divisor of 9702 and 6776.
154
Calculate the greatest common factor of 365 and 32525.
5
Calculate the greatest common factor of 115918 and 363.
121
Calculate the greatest common divisor of 28 and 33965764.
28
What is the greatest common divisor of 32095 and 14672?
917
Calculate the greatest common factor of 40 and 3361510.
10
What is the highest common divisor of 24803 and 68?
17
Calculate the highest common factor of 36 and 488466.
18
What is the greatest common factor of 1482 and 10218?
78
What is the greatest common factor of 216 and 775368?
72
What is the highest common factor of 2483 and 11651?
191
What is the greatest common factor of 4335325 and 95?
95
What is the greatest common factor of 8657027 and 779?
779
What is the highest common factor of 10010 and 476630?
770
Calculate the highest common factor of 236541 and 111.
111
What is the highest common factor of 2403 and 12549?
267
Calculate the highest common factor of 172 and 1247.
43
What is the highest common factor of 16 and 119008?
16
Calculate the highest common divisor of 61240 and 215.
5
Calculate the greatest common factor of 1047 and 3.
3
What is the greatest common divisor of 1027 and 13?
13
What is the highest common divisor of 120 and 787960?
40
What is the greatest common divisor of 1615200 and 150?
150
Calculate the highest common factor of 50065 and 3875.
155
What is the highest common factor of 7820 and 816?
68
What is the greatest common divisor of 310 and 6355?
155
Calculate the highest common factor of 198 and 24640.
22
What is the highest common factor of 2208 and 4572032?
736
What is the highest common divisor of 6853 and 539?
77
Calculate the highest common factor of 30 and 2252235.
15
What is the highest common divisor of 223 and 445331?
223
Calculate the highest common factor of 540 and 408.
12
What is the highest common divisor of 30290 and 845?
65
What is the greatest common factor of 5886 and 12099?
327
Calculate the highest common divisor of 1698 and 21151986.
1698
Calculate the greatest common factor of 211600 and 16.
16
Calculate the greatest common factor of 3750 and 406275.
75
Calculate the greatest common factor of 1192 and 3670019.
149
What is the highest common factor of 232302 and 210?
42
Calculate the highest common divisor of 8507 and 59596.
47
What is the greatest common factor of 104566 and 7?
7
Calculate the greatest common divisor of 23044 and 92.
4
What is the highest common factor of 234 and 36868?
26
What is the highest common factor of 258 and 384?
6
Calculate the greatest common factor of 1040 and 60424.
104
What is the highest common factor of 10 and 163165?
5
Calculate the greatest common factor of 12282 and 150.
6
What is the highest common factor of 700 and 1377460?
140
Calculate the highest common factor of 4746 and 546.
42
What is the greatest common factor of 144 and 446184?
72
What is the highest common factor of 392405 and 130?
65
Calculate the greatest common factor of 4960 and 100.
20
Calculate the greatest common factor of 219492 and 4536.
252
What is the highest common factor of 16 and 23?
1
What is the highest common divisor of 4406618 and 1042?
1042
What is the highest common divisor of 51 and 384115?
17
What is the greatest common divisor of 51110 and 285?
95
Calculate the greatest common divisor of 46647 and 10863.
639
What is the highest common factor of 141 and 987?
141
Calculate the highest common divisor of 52 and 13364.
52
Calculate the greatest common factor of 261 and 22823.
29
Calculate the greatest common factor of 23 and 106973.
23
Calculate the greatest common divisor of 153 and 561663.
153
W